) + 8.
5
Evaluate (-1 - (1 + 2)) + 2 + 11.
9
What is (1 - -3) + 0 - 5?
-1
What is the value of (16 - 24 - -10) + (2 - 3)?
1
Evaluate 0 - (-13 + 8 - -7).
-2
What is the value of -238 - -243 - ((-1 - 0) + 1)?
5
Evaluate -19 + 11 + 4 - (1 + 0).
-5
(-25 - (10 - 19)) + 10
-6
What is 4 + (0 - 8) + (8 - 3)?
1
0 + (0 - (-4 + 2))
2
Evaluate -1 + 3 - (-1 + 0).
3
-23 + 22 - (1 - (1 - 1))
-2
-3 + 1 + (-7 - -1) - -1
-7
What is the value of -3 + (-2 - (6 + 3 + -6))?
-8
What is the value of -8 + (-1 + -4 - -9)?
-4
What is (5 - 5) + -7 - (0 - 13)?
6
Calculate -4 + 8 + -3 + 3 - 4.
0
Evaluate (1 - (1 - 2)) + -2 + 0.
0
Calculate 14 - 3 - 5 - 4.
2
What is -4 + 2 + (3 - 0 - -1)?
2
What is 0 - 0 - (-5 + (12 - 6))?
-1
What is 0 + 0 + (3 - 1 - -1)?
3
What is (4 - (-5 + 13)) + 0?
-4
(13 - 8) + -8 - 4
-7
Evaluate -4 - -21 - (-8 - -16).
9
What is -3 + (11 - -2) - 8 - 10?
-8
Calculate -2 - (-1 - 3) - -6 - 3.
5
1 + -6 + -24 + 29
0
What is (2 - 3) + (5 - (11 + -8))?
1
Calculate -10 + (3 - (-12 + 9)).
-4
What is 1 - ((-1 - 3) + 6)?
-1
12 + -1 + -23 + 15
3
0 - -6 - 12 - -8
2
9 + -6 + -1 + 21 + -19
4
What is the value of 4 + (-20 + 26 - (2 - -5))?
3
Evaluate 4 + -3 + 4 + 2.
7
Evaluate (-2 - 5) + (7 - 5).
-5
Evaluate -2 - (-4 - -1 - 4).
5
What is -2 - (-4 - (-7 - -4))?
-1
12 - 11 - 1 - -10
10
What is 17 + 5 + -12 + -5 + -13?
-8
13 - 7 - 7 - 0 - 4
-5
What is (0 - (-6 + 6) - -6) + -3?
3
Calculate (-3 - -10) + (2 - 5).
4
Calculate -15 - -16 - (-1 + -3).
5
What is the value of 2 + -4 + 0 - 3?
-5
What is the value of 3 + -2 + (6 - 8)?
-1
What is the value of -16 + 12 + (4 - 1)?
-1
What is the value of 0 - (17 - (-1 + 16))?
-2
9 - (9 + -1) - 4
-3
Evaluate 5 - (21 + 4 - 13).
-7
0 + (-7 - (-11 + 1))
3
Calculate 4 - (-12 - (-8 - 11)).
-3
What is (9 - (0 - -3)) + -2?
4
What is -5 + (16 - 13) + 1 + -4?
-5
Evaluate -5 - -12 - (15 - 1).
-7
Evaluate 2 - (7 - (-1 + (0 - -3))).
-3
-6 - 0 - (-11 + 5 - -3)
-3
Calculate -3 + 17 - (24 + -9).
-1
Calculate (-8 - -5) + 2 - -3.
2
(4 - -5) + (0 - 2)
7
What is the value of 8 + 0 + 4 + -17?
-5
Evaluate 27 + -25 - (4 + -2).
0
Evaluate (8 - (-4 - -9)) + 2 + -8.
-3
What is -8 - ((6 - 11) + 5)?
-8
0 + -2 - (-15 - -12 - -7)
-6
What is (1 - 5) + 1 + -3 + 2?
-4
What is 11 + (-4 - (10 + 1))?
-4
What is the value of 73 + -70 + -2 + 0 + -2?
-1
-9 - (1 + 2 - 8)
-4
What is 2 + 0 - 2 - (-7 + 5)?
2
Calculate -1 + (3 - (5 + 4)).
-7
(0 - 8 - 2) + (7 - 2)
-5
What is the value of 2 - (0 - 1 - 0)?
3
3 + 0 + -2 - 3
-2
(-5 + 0 - (-8 + -11)) + -6
8
Evaluate (-5 - -1) + (-4 - (2 - 7)).
-3
-3 + 4 - (5 - 4)
0
What is -6 + 20 + (-7 - 1)?
6
-7 - (-8 + -3) - 10
-6
Evaluate -1 + 1 - (-2 + (-2 - 0)).
4
-7 + 1 + 9 + -13
-10
What is the value of 6 - (0 + 3 + 1)?
2
What is the value of -2 + 5 + (1 - 9)?
-5
-2 - (-5 - 0) - 7
-4
Calculate -10 + -8 + 9 + 3.
-6
What is the value of 9 - (11 + -4) - -2?
4
What is the value of -12 - ((1 - 12) + -49 + 53)?
-5
What is 7 - (0 - -2) - 9?
-4
(2 - -1 - -1) + 0
4
Calculate (2 - -1) + (64 - 68).
-1
What is the value of (5 + 4 - 3) + -3?
3
What is the value of 7 - -5 - (15 + 3)?
-6
Calculate (-2 - (1 + -3)) + (12 - 12).
0
Evaluate -3 + 2 + -2 + 2 + 0.
-1
What is the value of -3 + 0 + -4 + 2?
-5
4 + (4 + -4 - -1) + -1
4
-42 + 37 - (-7 - -1)
1
Calculate (-2 + 3 - 1) + -4.
-4
(0 + 3 - -4) + -1 + -3
3
Evaluate (-1 - -4) + 3 + -1.
5
What is -2 + 3 + 8 - (0 - -4)?
5
What is 8 - (27 - 11) - -15?
7
-8 + 2 + (14 + 2 - 9)
1
1 + (3 + -4 + 2 - 1)
1
7 + 8 - (15 - -3)
-3
-1 + -2 - (25 + -27)
-1
(3 - -5) + -3 + 11 + -14
2
Calculate 0 - -3 - (-1 - -4).
0
(1 - -1) + -3 + 9 + -2
6
What is the value of -4 + -5 + 5 + 4?
0
What is -3 + 8 + (1 - (3 - 2))?
5
What is 1 - (-12 - (-9 - -4))?
8
Calculate (-3 - -1) + 1 - (-3 - -7).
-5
(-7 - 0) + (9 - 2)
0
Calculate -4 + (6 - 3) - -4.
3
Calculate (-7 - (-17 - -6)) + -8.
-4
What is the value of (-2 - -4) + 6 + -9?
-1
-1 - -17 - (-19 - -27)
8
5 + 0 + 12 + -16
1
Calculate 5 + -1 - (-5 + 9 - -3).
-3
Evaluate -1 + (1 - 2) + 1.
-1
Calculate -3 - ((-3 - -6 - 2) + -3).
-1
What is the value of -123 + 129 - (-1 + -1 + 2)?
6
What is the value of (1 - 2 - -5) + (-10 - -3)?
-3
What is the value of (-2 - -5) + -2 + 3 + 1?
5
(3 - 1 - 2) + 4 + 0
4
5 + (-2 - 1) - 7
-5
Calculate -3 + 8 + -4 + 4.
5
-8 - -14 - (1 - 1)
6
Evaluate -40 + 36 - (1 - 13).
8
Evaluate -6 + 2 - (-22 + 17).
1
What is the value of (-160 - -153) + 0 + 1 + 6?
0
-4 + (-3 - -5 - -9) - 3
4
What is the value of -3 + 10 + -4 - 4?
-1
64 + -61 - (10 - -1)
-8
Evaluate 8 - (9 + (-5 - 0)).
4
4 + (-8 - (2 - 9))
3
What is 7 + (0 - 0) + 13 + -14?
6
Calculate -27 + 13 + 1 + 19.
6
What is -10 + 1 + (6 - (7 - 6))?
-4
What is -10 - (4 - (-4 - -13))?
-5
-2 + -2 - (-2 - (-11 + 7))
-6
(-2 - -4) + (38 - 43)
-3
Evaluate (-3 - -3) + -2 + -4 + 7.
1
What is 6 - (4 - (-6 - -3))?
-1
Calculate 1 - 1 - (15 + -6).
-9
Evaluate 2 + -6 - -7 - (5 - 2).
0
Calculate -3 - (7 - (5 + 8) - 1).
4
Evaluate -3 + 4 + (9 - 5).
5
Calculate 5 + -8 + 10 - 8.
-1
What is (-2 - 2) + (3 - 4)?
-5
What is 35 - 37 - (0 - (-1 - 1))?
-4
What is the value of -16 + 15 - (-1 - 0)?
0
What is the value of 2 + -2 + 4 - 1?
3
What is the value of (-32 - -38) + (1 - 5)?
2
Evaluate (-5 - -4) + 1 + -3 + 4.
1
Evaluate 0 + -3 + 1 - (12 + -17).
3
What is the value of 16 + -17 + 8 + 0 + -2?
5
Evaluate -7 + 3 - (5 - 8).
-1
Calculate -6 + 1 + -1 + 1.
-5
What is the value of -5 + 0 + -4 + 5?
-4
Evaluate -6 - (-3 - -1 - 3).
-1
What is the value of -11 - (4 + -9 + -6)?
0
Evaluate -3 - (-1 - (0 + (0 - -1))).
-1
7 - (7 - (-10 + 5))
-5
Calculate -4 - (-5 + -1 + 5 + 3).
-6
What is the value of -6 + (7 - 1) + -14 + 11?
-3
Evaluate 12 + -9 + -5 - -10.
8
What is the value of 12 - 7 - 3 - 3?
-1
(-5 - (3 + -10)) + -5
-3
Evaluate (8 - (-9 + 12)) + -3.
2
Calculate 6 - ((5 - 8) + 4 + 1).
4
What is the value of -9 + 6 + (0 - -1)?
-2
Evaluate -10 + 4 - (5 - 7).
-4
What is the value of -5 + 6 + -2 + -5?
-6
-4 - -1 - (-2 + 5 + -5)
-1
What is (-5 - -15) + -5 + -5 - 5?
-5
Calculate -5 + 1 + (8 - (-6 + 11)).
-1
-1 - -5 - (-4 + -3 + 12)
-1
What is -89 - -84 - (-1 - -6)?
-10
What is (2 + (0 - -1) - 2) + -6?
-5
4 + (2 + 1 - 2)
5
What is -1 + 7 + 1 - 3?
4
What is the value of 0 + -4 + (0 - -1) + 6?
3
Calculate (2 + -3 - 1) + 1.
-1
25 - 26 - (-1 + -1 - -5)
-4
Evaluate 9 + 0 - (-98 + 98).
9
What is -8 - (2 + -6 + 3)?
-7
What is -13 + 2 + 10 - -1?
0
Evaluate -3 + 3 + 10 + -10.
0
(-2 - 0) + (-2 - (-6 + 3))
-1
What is 0 - -3 - (12 + -4)?
-5
Calculate (-7 - 1) + (94 - 87).
-1
2 - (9 + -6 + 5 + -2)
-4
Evaluate (5 - -1) + -9 + 4.
1
3 + 5 + -1 + -21 + 19
5
Evaluate (3 + 1 - 7) + -2 + -1.
-6
Evaluate 7 + (-14 - -4) + (-3 - -1).
-5
Calculate 1 - (3 + (-4 - -2)) - 5.
-5
Calculate -1 - ((-3 - 4) + -7) - 4.
9
Evaluate 65 + -69 - (1 + 0 - 5).
0
Evaluate (-13 - -17) + -3 + -2 - 4.
-5
Calculate (-2 + 2 - 2) + -2.
-4
Evaluate -1 + 4 + (3 - (11 + -3)).
-2
Evaluate (0 + 6 + -4 - 5) + 1.
-2
What is the value of -4 + (4 + 0 - 1)?
-1
Evaluate 5 + 6 + (4 - 10).
5
5 + 0 + (-12 - -6) - -1
0
Evaluate (0 - 8) + (0 - -4) + -1.
-5
-94 - -92 - (-1 - 1)
0
What is 4 + 2 + -1 + -2?
3
Calculate 1 + 2 + 0 - -1.
4
(1 - 8) + (15 - 11)
-3
2 + (-1 - (4 - 1))
-2
Evaluate (5 - (2 + -1 + 0)) + 0.
4
Evaluate (3 - (5 + 2) - 4) + 4.
-4
-11 - ((1 - 6) + 47 + -43)
-10
Evaluate 8 - (3 + -6) - (2 - -2).
7
Evaluate -2 - 10 - -9 - (2 - -1).
-6
-3 - 0 - (2 + (3 - 7))
-1
What is 6 + (6 - 13) + -3 + 8?
4
What is 1 + (9 - 6) - 4?
0
Evaluate 4 - (-2 + -1 - -3).
4
What is the value of (-4 - (-7 + 5)) + 1?
-1
What is 15 + -13 + -2 + 0 + -2?
-2
Evaluate -3 + (3 - 3 - 2).
-5
What is the value of 13 - (14 + -9 - -4)?
4
What is 10 + -7 - (-1 - -11)?
-7
Evaluate -17 - -17 - (1 - -3) - -4.
0
What is the value of 13 + -11 - (-3 - -3) - 7?
-5
What is -6 + 0 - -4 - -4?
2
Calculate -10 - ((-5 - -9) + -10).
-4
12 + (2 - (-12 - -25))
1
What is the value of -4 + -6 + 1 + 3?
-6
What is the value of (-4 - 0) + 5 - -5 - 1?
5
What is the value of 4 - (-8 + 16 + -8)?
4
Evaluate 0 + 2 + (11 - 21) - 0.
-8
-95 - -86 - ((-1 - 2) + 0)
-6
What is the value of (13 - (1 - -6)) + -6?
0
Calculate (-7 + 3 - (-1 - 3)) + 0.
0
(-2 - -8) + -2 - -3
7
(11 + -17 - (-2 - 1)) + 5
2
Calculate (3 - 5) + (10 - 3).
5
Calculate -5 - (3 - 1) - -4 - -3.
0
What is the value of 8 - 3 - 1 - 4?
0
Calculate 16 - 24 - (1 - 8).
-1
Calculate 3 - (-11 + -2 + 6 - -3).
7
What is 8 - (